{"id":486,"date":"2024-12-13T10:23:10","date_gmt":"2024-12-13T09:23:10","guid":{"rendered":"https:\/\/multiscale.pionier-lab.pionier.net.pl\/?page_id=486"},"modified":"2024-12-16T20:54:56","modified_gmt":"2024-12-16T19:54:56","slug":"usluga-tworzenia","status":"publish","type":"page","link":"https:\/\/multiscale.pionier-lab.pionier.net.pl\/?page_id=486","title":{"rendered":"Us\u0142uga tworzenia, testowania i optymalizacji"},"content":{"rendered":"\n<div class=\"wp-block-group lsw-sp is-vertical is-content-justification-stretch is-layout-flex wp-container-core-group-is-layout-b16ad781 wp-block-group-is-layout-flex\">\n<h2 class=\"wp-block-heading has-text-align-center\">Us\u0142uga tworzenia, testowania i optymalizacji aplikacji wieloskalowych<\/h2>\n\n\n\n<div class=\"wp-block-group lsw-service-single lsw-service has-base-3-background-color has-background is-vertical is-content-justification-center is-layout-flex wp-container-core-group-is-layout-4b2eccd6 wp-block-group-is-layout-flex\">\n<figure class=\"wp-block-image size-full is-resized\"><img loading=\"lazy\" decoding=\"async\" width=\"320\" height=\"304\" src=\"https:\/\/multiscale.pionier-lab.pionier.net.pl\/wp-content\/uploads\/2024\/12\/building-1.png\" alt=\"\" class=\"wp-image-516\" style=\"width:320px\" srcset=\"https:\/\/multiscale.pionier-lab.pionier.net.pl\/wp-content\/uploads\/2024\/12\/building-1.png 320w, https:\/\/multiscale.pionier-lab.pionier.net.pl\/wp-content\/uploads\/2024\/12\/building-1-300x285.png 300w\" sizes=\"auto, (max-width: 320px) 100vw, 320px\" \/><\/figure>\n\n\n\n<div class=\"wp-block-group is-vertical is-layout-flex wp-container-core-group-is-layout-8cf370e7 wp-block-group-is-layout-flex\">\n<div class=\"wp-block-group description is-vertical is-content-justification-left is-layout-flex wp-container-core-group-is-layout-c0ca7d81 wp-block-group-is-layout-flex\">\n<p>Us\u0142uga dostarcza \u015brodowisko sprz\u0119towo-programowe umo\u017cliwiaj\u0105ce efektywne tworzenie, testowanie i optymalizacj\u0119 aplikacji wieloskalowych. Dzi\u0119ki wykorzystaniu wysokowydajnych w\u0119z\u0142\u00f3w obliczeniowych i sieci <strong>PIONIER<\/strong>, us\u0142uga zapewnia mo\u017cliwo\u015b\u0107 prowadzenia wiarygodnych bada\u0144 przedprodukcyjnych w \u015brodowisku mo\u017cliwie zbli\u017conym do produkcyjnego. Dostarczane w ramach us\u0142ugi oprogramowanie wspiera proces opracowywania aplikacji wieloskalowych na wielu etapach rozwoju, w szczeg\u00f3lno\u015bci na etapie \u0142\u0105czenia i uruchamiania wielu modeli jednoskalowych (m.in. oprogramowanie <strong>QCG-PilotJob<\/strong>) oraz na etapie analizy poprawno\u015bci i optymalizacji efektywno\u015bci oblicze\u0144 (profilery kodu <strong><a href=\"https:\/\/multiscale.pionier-lab.pionier.net.pl\/?page_id=571\" data-type=\"page\" data-id=\"571\">Linaro Forge<\/a><\/strong>, <strong>QCG-PilotJob Tracking and Analysis Suite<\/strong>).<\/p>\n\n\n\n<p>W sk\u0142ad us\u0142ugi wchodzi r\u00f3wnie\u017c zestaw kurs\u00f3w oferowanych&nbsp; z wykorzystaniem \u015brodowiska interaktywnych notatnik\u00f3w <strong>JupyterLab<\/strong>, kt\u00f3re pozwalaj\u0105 na praktyczne zaznajomienie si\u0119 z interfejsem i mo\u017cliwo\u015bciami podstawowych narz\u0119dzi oferowanych przez Laboratorium Symulacji Wieloskalowych.<\/p>\n\n\n\n<p>Ponadto, w ramach us\u0142ugi, u\u017cytkownicy mog\u0105 skorzysta\u0107 ze wsparcia eksperckiego udzielanego przez pracownik\u00f3w Laboratorium Symulacji Wieloskalowych.<\/p>\n\n\n\n<div class=\"wp-block-buttons links is-vertical is-layout-flex wp-container-core-buttons-is-layout-8cf370e7 wp-block-buttons-is-layout-flex\">\n<div class=\"wp-block-button\"><a class=\"wp-block-button__link wp-element-button\" href=\"https:\/\/access.pionier-lab.pionier.net.pl\/\">Zawnioskuj o us\u0142ug\u0119 eksperck\u0105<\/a><\/div>\n\n\n\n<div class=\"wp-block-button\"><a class=\"wp-block-button__link wp-element-button\" href=\"https:\/\/pcss.plcloud.pl\/new_contract\">Uzyskaj dost\u0119p do zasob\u00f3w obliczeniowych<\/a><\/div>\n\n\n\n<div class=\"wp-block-button\"><a class=\"wp-block-button__link wp-element-button\" href=\"https:\/\/jupyter.qcg.psnc.pl\">\u015arodowisko szkoleniowe JupyterLab<\/a><\/div>\n\n\n\n<div class=\"wp-block-button\"><a class=\"wp-block-button__link wp-element-button\" href=\"https:\/\/multiscale.pionier-lab.pionier.net.pl\/?page_id=571\">Zapoznaj si\u0119 z Linaro Forge<\/a><\/div>\n\n\n\n<div class=\"wp-block-button\"><a class=\"wp-block-button__link wp-element-button\" href=\"https:\/\/qcg-pilotjob.readthedocs.io\">Zapoznaj si\u0119 z QCG-PilotJob<\/a><\/div>\n<\/div>\n\n\n\n<hr class=\"wp-block-separator has-alpha-channel-opacity is-style-default\"\/>\n\n\n\n<div class=\"wp-block-buttons is-layout-flex wp-block-buttons-is-layout-flex\">\n<div class=\"wp-block-button has-custom-width wp-block-button__width-100 button-secondary\"><a class=\"wp-block-button__link wp-element-button\" href=\"mailto:piontek@man.poznan.pl\" style=\"border-radius:0px\">Skontaktuj si\u0119 z administratorem us\u0142ugi<\/a><\/div>\n<\/div>\n<\/div>\n<\/div>\n<\/div>\n<\/div>\n\n\n\n<p><\/p>\n","protected":false},"excerpt":{"rendered":"<p>Us\u0142uga tworzenia, testowania i optymalizacji aplikacji wieloskalowych Us\u0142uga dostarcza \u015brodowisko sprz\u0119towo-programowe umo\u017cliwiaj\u0105ce efektywne tworzenie, testowanie i optymalizacj\u0119 aplikacji wieloskalowych. Dzi\u0119ki wykorzystaniu wysokowydajnych w\u0119z\u0142\u00f3w obliczeniowych i sieci PIONIER, us\u0142uga zapewnia mo\u017cliwo\u015b\u0107 prowadzenia wiarygodnych bada\u0144 przedprodukcyjnych w \u015brodowisku mo\u017cliwie zbli\u017conym do produkcyjnego. Dostarczane w ramach us\u0142ugi oprogramowanie wspiera proces opracowywania aplikacji wieloskalowych na wielu etapach rozwoju, w &#8230; <a title=\"Us\u0142uga tworzenia, testowania i optymalizacji\" class=\"read-more\" href=\"https:\/\/multiscale.pionier-lab.pionier.net.pl\/?page_id=486\" aria-label=\"More on Us\u0142uga tworzenia, testowania i optymalizacji\">Czytaj dalej<\/a><\/p>\n","protected":false},"author":4,"featured_media":0,"parent":0,"menu_order":0,"comment_status":"closed","ping_status":"closed","template":"","meta":{"footnotes":""},"class_list":["post-486","page","type-page","status-publish"],"_links":{"self":[{"href":"https:\/\/multiscale.pionier-lab.pionier.net.pl\/index.php?rest_route=\/wp\/v2\/pages\/486","targetHints":{"allow":["GET"]}}],"collection":[{"href":"https:\/\/multiscale.pionier-lab.pionier.net.pl\/index.php?rest_route=\/wp\/v2\/pages"}],"about":[{"href":"https:\/\/multiscale.pionier-lab.pionier.net.pl\/index.php?rest_route=\/wp\/v2\/types\/page"}],"author":[{"embeddable":true,"href":"https:\/\/multiscale.pionier-lab.pionier.net.pl\/index.php?rest_route=\/wp\/v2\/users\/4"}],"replies":[{"embeddable":true,"href":"https:\/\/multiscale.pionier-lab.pionier.net.pl\/index.php?rest_route=%2Fwp%2Fv2%2Fcomments&post=486"}],"version-history":[{"count":21,"href":"https:\/\/multiscale.pionier-lab.pionier.net.pl\/index.php?rest_route=\/wp\/v2\/pages\/486\/revisions"}],"predecessor-version":[{"id":626,"href":"https:\/\/multiscale.pionier-lab.pionier.net.pl\/index.php?rest_route=\/wp\/v2\/pages\/486\/revisions\/626"}],"wp:attachment":[{"href":"https:\/\/multiscale.pionier-lab.pionier.net.pl\/index.php?rest_route=%2Fwp%2Fv2%2Fmedia&parent=486"}],"curies":[{"name":"wp","href":"https:\/\/api.w.org\/{rel}","templated":true}]}}