{"id":81,"date":"2024-12-09T11:17:47","date_gmt":"2024-12-09T10:17:47","guid":{"rendered":"https:\/\/multiscale.pionier-lab.pionier.net.pl\/?page_id=81"},"modified":"2024-12-13T11:30:11","modified_gmt":"2024-12-13T10:30:11","slug":"oferta-uslug","status":"publish","type":"page","link":"https:\/\/multiscale.pionier-lab.pionier.net.pl\/?page_id=81","title":{"rendered":"Oferta Us\u0142ug"},"content":{"rendered":"\n<div class=\"wp-block-group lsw-sp is-vertical is-content-justification-stretch is-layout-flex wp-container-core-group-is-layout-b16ad781 wp-block-group-is-layout-flex\">\n<h2 class=\"wp-block-heading\">Oferta us\u0142ug<\/h2>\n\n\n\n<div class=\"wp-block-group lsw-service has-base-3-background-color has-background is-vertical is-layout-flex wp-container-core-group-is-layout-8cf370e7 wp-block-group-is-layout-flex\">\n<h3 class=\"wp-block-heading\">Us\u0142uga tworzenia, testowania i optymalizacji aplikacji wieloskalowych<\/h3>\n\n\n\n<div class=\"wp-block-group is-nowrap is-layout-flex wp-container-core-group-is-layout-ad2f72ca wp-block-group-is-layout-flex\">\n<figure class=\"wp-block-image size-full is-resized\"><img loading=\"lazy\" decoding=\"async\" width=\"320\" height=\"304\" src=\"https:\/\/multiscale.pionier-lab.pionier.net.pl\/wp-content\/uploads\/2024\/12\/building-1.png\" alt=\"\" class=\"wp-image-516\" style=\"width:320px\" srcset=\"https:\/\/multiscale.pionier-lab.pionier.net.pl\/wp-content\/uploads\/2024\/12\/building-1.png 320w, https:\/\/multiscale.pionier-lab.pionier.net.pl\/wp-content\/uploads\/2024\/12\/building-1-300x285.png 300w\" sizes=\"auto, (max-width: 320px) 100vw, 320px\" \/><\/figure>\n\n\n\n<div class=\"wp-block-group description is-vertical is-content-justification-left is-layout-flex wp-container-core-group-is-layout-c0ca7d81 wp-block-group-is-layout-flex\">\n<p>Us\u0142uga oferuje \u015brodowisko sprz\u0119towo-programowe do efektywnego tworzenia, testowania i optymalizacji aplikacji wieloskalowych. Dzi\u0119ki wysokowydajnym w\u0119z\u0142om obliczeniowym i sieci <strong>PIONIER <\/strong>umo\u017cliwia prowadzenie bada\u0144 przedprodukcyjnych w warunkach zbli\u017conych do produkcyjnych. Oprogramowanie wspiera rozw\u00f3j aplikacji, m.in. poprzez \u0142\u0105czenie modeli jednoskalowych (<strong>QCG-PilotJob<\/strong>) oraz analiz\u0119 i optymalizacj\u0119 oblicze\u0144 (profilery kodu, <strong>QCG-PilotJob Tracking and Analysis Suite<\/strong>).<\/p>\n\n\n\n<p>Us\u0142uga obejmuje r\u00f3wnie\u017c kursy z interaktywnymi notatnikami <strong>Jupyter<\/strong>, umo\u017cliwiaj\u0105ce praktyczne poznanie narz\u0119dzi Laboratorium Symulacji Wieloskalowych, oraz wsparcie eksperckie ze strony jego pracownik\u00f3w.<\/p>\n\n\n\n<hr class=\"wp-block-separator has-alpha-channel-opacity is-style-default\"\/>\n\n\n\n<div class=\"wp-block-buttons is-layout-flex wp-block-buttons-is-layout-flex\">\n<div class=\"wp-block-button has-custom-width wp-block-button__width-100 button-secondary\"><a class=\"wp-block-button__link wp-element-button\" href=\"https:\/\/multiscale.pionier-lab.pionier.net.pl\/?page_id=486\" style=\"border-radius:0px\">Dowiedz si\u0119 wi\u0119cej<\/a><\/div>\n<\/div>\n<\/div>\n<\/div>\n<\/div>\n\n\n\n<div class=\"wp-block-group lsw-service has-base-3-background-color has-background is-vertical is-layout-flex wp-container-core-group-is-layout-8cf370e7 wp-block-group-is-layout-flex\">\n<h3 class=\"wp-block-heading\">Us\u0142uga badania niepewno\u015bci i analizy wra\u017cliwo\u015bci aplikacji wieloskalowych<\/h3>\n\n\n\n<div class=\"wp-block-group is-nowrap is-layout-flex wp-container-core-group-is-layout-ad2f72ca wp-block-group-is-layout-flex\">\n<div class=\"wp-block-group description is-vertical is-content-justification-left is-layout-flex wp-container-core-group-is-layout-c0ca7d81 wp-block-group-is-layout-flex\">\n<p>Us\u0142uga oferuje kompleksowe rozwi\u0105zanie do badania niepewno\u015bci (UQ) i analizy wra\u017cliwo\u015bci (SA) aplikacji obliczeniowych, w tym z\u0142o\u017conych aplikacji wieloskalowych i modeli jednoskalowych. Dzi\u0119ki wsparciu uznanych algorytm\u00f3w (m.in. Monte Carlo, Polynomial Chaos Expansion, Stochastic Collocation) ma szerokie zastosowanie w nauce i przemy\u015ble.<\/p>\n\n\n\n<p>Dost\u0119p do us\u0142ugi odbywa si\u0119 przez dedykowany portal <strong>mUQSA<\/strong> umo\u017cliwiaj\u0105cy definiowanie scenariuszy bada\u0144 i prezentacj\u0119 wynik\u00f3w analiz.<\/p>\n\n\n\n<hr class=\"wp-block-separator has-alpha-channel-opacity is-style-default\"\/>\n\n\n\n<div class=\"wp-block-buttons is-layout-flex wp-block-buttons-is-layout-flex\">\n<div class=\"wp-block-button has-custom-width wp-block-button__width-100 button-secondary\"><a class=\"wp-block-button__link wp-element-button\" href=\"https:\/\/multiscale.pionier-lab.pionier.net.pl\/?page_id=501\" style=\"border-radius:0px\">Dowiedz si\u0119 wi\u0119cej<\/a><\/div>\n<\/div>\n<\/div>\n\n\n\n<figure class=\"wp-block-image size-full is-resized\"><img loading=\"lazy\" decoding=\"async\" width=\"320\" height=\"304\" src=\"https:\/\/multiscale.pionier-lab.pionier.net.pl\/wp-content\/uploads\/2024\/12\/uq.png\" alt=\"\" class=\"wp-image-518\" style=\"width:320px\" srcset=\"https:\/\/multiscale.pionier-lab.pionier.net.pl\/wp-content\/uploads\/2024\/12\/uq.png 320w, https:\/\/multiscale.pionier-lab.pionier.net.pl\/wp-content\/uploads\/2024\/12\/uq-300x285.png 300w\" sizes=\"auto, (max-width: 320px) 100vw, 320px\" \/><\/figure>\n<\/div>\n<\/div>\n\n\n\n<div class=\"wp-block-group lsw-service has-base-3-background-color has-background is-vertical is-layout-flex wp-container-core-group-is-layout-8cf370e7 wp-block-group-is-layout-flex\">\n<h3 class=\"wp-block-heading\">Us\u0142uga uruchamiania oblicze\u0144 wieloskalowych<\/h3>\n\n\n\n<div class=\"wp-block-group is-nowrap is-layout-flex wp-container-core-group-is-layout-ad2f72ca wp-block-group-is-layout-flex\">\n<figure class=\"wp-block-image size-full is-resized\"><img loading=\"lazy\" decoding=\"async\" width=\"320\" height=\"304\" src=\"https:\/\/multiscale.pionier-lab.pionier.net.pl\/wp-content\/uploads\/2024\/12\/running.png\" alt=\"\" class=\"wp-image-544\" style=\"width:320px\" srcset=\"https:\/\/multiscale.pionier-lab.pionier.net.pl\/wp-content\/uploads\/2024\/12\/running.png 320w, https:\/\/multiscale.pionier-lab.pionier.net.pl\/wp-content\/uploads\/2024\/12\/running-300x285.png 300w\" sizes=\"auto, (max-width: 320px) 100vw, 320px\" \/><\/figure>\n\n\n\n<div class=\"wp-block-group description is-vertical is-content-justification-left is-layout-flex wp-container-core-group-is-layout-c0ca7d81 wp-block-group-is-layout-flex\">\n<p>Us\u0142uga zapewnia intuicyjny dost\u0119p do zasob\u00f3w obliczeniowych konsorcjum PIONIER Lab na potrzeby oblicze\u0144 wieloskalowych oraz kontrol\u0119 nad eksperymentami. Dost\u0119p realizowany jest poprzez SSH i interfejs wiersza polece\u0144 lub dedykowany portal oparty na systemie <strong>QCG<\/strong>. Portal wspiera scenariusze aplikacyjne, takie jak zadania parametryczne, workflow i pilot job, oferuj\u0105c elastyczny mechanizm szablon\u00f3w dostosowywany do potrzeb u\u017cytkownik\u00f3w.<\/p>\n\n\n\n<p>Dodatkowo us\u0142uga dostarcza narz\u0119dzia automatyzuj\u0105ce zlecanie zada\u0144 z systemu operacyjnego oraz umo\u017cliwia uruchamianie oblicze\u0144 przez alternatywne platformy dostosowane do specyficznych wymaga\u0144 grup u\u017cytkownik\u00f3w.<\/p>\n\n\n\n<hr class=\"wp-block-separator has-alpha-channel-opacity is-style-default\"\/>\n\n\n\n<div class=\"wp-block-buttons is-layout-flex wp-block-buttons-is-layout-flex\">\n<div class=\"wp-block-button has-custom-width wp-block-button__width-100 button-secondary\"><a class=\"wp-block-button__link wp-element-button\" href=\"https:\/\/multiscale.pionier-lab.pionier.net.pl\/?page_id=504\" style=\"border-radius:0px\">Dowiedz si\u0119 wi\u0119cej<\/a><\/div>\n<\/div>\n<\/div>\n<\/div>\n<\/div>\n\n\n\n<div class=\"wp-block-group lsw-service has-base-3-background-color has-background is-vertical is-layout-flex wp-container-core-group-is-layout-8cf370e7 wp-block-group-is-layout-flex\">\n<h3 class=\"wp-block-heading\">Us\u0142uga monitorowania oblicze\u0144 wieloskalowych<\/h3>\n\n\n\n<div class=\"wp-block-group is-nowrap is-layout-flex wp-container-core-group-is-layout-ad2f72ca wp-block-group-is-layout-flex\">\n<div class=\"wp-block-group description is-vertical is-content-justification-left is-layout-flex wp-container-core-group-is-layout-c0ca7d81 wp-block-group-is-layout-flex\">\n<p>Us\u0142uga umo\u017cliwia \u015bledzenie post\u0119pu wykonywania zada\u0144 uruchamianych na zasobach obliczeniowych oraz wspiera proces weryfikacji poprawno\u015bci oblicze\u0144 w czasie ich trwania (np. ocena zbie\u017cno\u015bci). Cz\u0119\u015b\u0107 generyczna us\u0142ugi pozwala na automatyczne monitorowanie g\u0142\u00f3wnych danych o post\u0119pie wykonywania scenariuszy obliczeniowych, ze szczeg\u00f3lnym uwzgl\u0119dnieniem symulacji wieloskalowych.<\/p>\n\n\n\n<p>Dzi\u0119ki zastosowaniu mechanizmu szablon\u00f3w monitorowania, us\u0142uga mo\u017ce zosta\u0107 dostosowana do bardziej specyficznych wymaga\u0144 aplikacyjnych<\/p>\n\n\n\n<hr class=\"wp-block-separator has-alpha-channel-opacity is-style-default\"\/>\n\n\n\n<div class=\"wp-block-buttons is-layout-flex wp-block-buttons-is-layout-flex\">\n<div class=\"wp-block-button has-custom-width wp-block-button__width-100 button-secondary\"><a class=\"wp-block-button__link wp-element-button\" href=\"https:\/\/multiscale.pionier-lab.pionier.net.pl\/?page_id=506\" style=\"border-radius:0px\">Dowiedz si\u0119 wi\u0119cej<\/a><\/div>\n<\/div>\n<\/div>\n\n\n\n<figure class=\"wp-block-image size-full is-resized\"><img loading=\"lazy\" decoding=\"async\" width=\"320\" height=\"304\" src=\"https:\/\/multiscale.pionier-lab.pionier.net.pl\/wp-content\/uploads\/2024\/12\/monitoring.png\" alt=\"\" class=\"wp-image-531\" style=\"width:320px\" srcset=\"https:\/\/multiscale.pionier-lab.pionier.net.pl\/wp-content\/uploads\/2024\/12\/monitoring.png 320w, https:\/\/multiscale.pionier-lab.pionier.net.pl\/wp-content\/uploads\/2024\/12\/monitoring-300x285.png 300w\" sizes=\"auto, (max-width: 320px) 100vw, 320px\" \/><\/figure>\n<\/div>\n<\/div>\n<\/div>\n\n\n\n<p><\/p>\n","protected":false},"excerpt":{"rendered":"<p>Oferta us\u0142ug Us\u0142uga tworzenia, testowania i optymalizacji aplikacji wieloskalowych Us\u0142uga oferuje \u015brodowisko sprz\u0119towo-programowe do efektywnego tworzenia, testowania i optymalizacji aplikacji wieloskalowych. Dzi\u0119ki wysokowydajnym w\u0119z\u0142om obliczeniowym i sieci PIONIER umo\u017cliwia prowadzenie bada\u0144 przedprodukcyjnych w warunkach zbli\u017conych do produkcyjnych. Oprogramowanie wspiera rozw\u00f3j aplikacji, m.in. poprzez \u0142\u0105czenie modeli jednoskalowych (QCG-PilotJob) oraz analiz\u0119 i optymalizacj\u0119 oblicze\u0144 (profilery kodu, QCG-PilotJob &#8230; <a title=\"Oferta Us\u0142ug\" class=\"read-more\" href=\"https:\/\/multiscale.pionier-lab.pionier.net.pl\/?page_id=81\" aria-label=\"More on Oferta Us\u0142ug\">Czytaj dalej<\/a><\/p>\n","protected":false},"author":4,"featured_media":0,"parent":0,"menu_order":0,"comment_status":"closed","ping_status":"closed","template":"","meta":{"footnotes":""},"class_list":["post-81","page","type-page","status-publish"],"_links":{"self":[{"href":"https:\/\/multiscale.pionier-lab.pionier.net.pl\/index.php?rest_route=\/wp\/v2\/pages\/81","targetHints":{"allow":["GET"]}}],"collection":[{"href":"https:\/\/multiscale.pionier-lab.pionier.net.pl\/index.php?rest_route=\/wp\/v2\/pages"}],"about":[{"href":"https:\/\/multiscale.pionier-lab.pionier.net.pl\/index.php?rest_route=\/wp\/v2\/types\/page"}],"author":[{"embeddable":true,"href":"https:\/\/multiscale.pionier-lab.pionier.net.pl\/index.php?rest_route=\/wp\/v2\/users\/4"}],"replies":[{"embeddable":true,"href":"https:\/\/multiscale.pionier-lab.pionier.net.pl\/index.php?rest_route=%2Fwp%2Fv2%2Fcomments&post=81"}],"version-history":[{"count":50,"href":"https:\/\/multiscale.pionier-lab.pionier.net.pl\/index.php?rest_route=\/wp\/v2\/pages\/81\/revisions"}],"predecessor-version":[{"id":546,"href":"https:\/\/multiscale.pionier-lab.pionier.net.pl\/index.php?rest_route=\/wp\/v2\/pages\/81\/revisions\/546"}],"wp:attachment":[{"href":"https:\/\/multiscale.pionier-lab.pionier.net.pl\/index.php?rest_route=%2Fwp%2Fv2%2Fmedia&parent=81"}],"curies":[{"name":"wp","href":"https:\/\/api.w.org\/{rel}","templated":true}]}}